{"id":785,"date":"2023-10-10T10:12:18","date_gmt":"2023-10-10T08:12:18","guid":{"rendered":"https:\/\/www.planetdiving.com\/site2\/?page_id=785"},"modified":"2023-10-10T13:55:18","modified_gmt":"2023-10-10T11:55:18","slug":"club","status":"publish","type":"page","link":"https:\/\/www.planetdiving.com\/site2\/club\/","title":{"rendered":"Club"},"content":{"rendered":"\n<h3 class=\"wp-block-heading\" id=\"a-propos-de-nous\">A propos de nous<\/h3>\n\n\n\n<h5 class=\"wp-block-heading\">BIENVENUE A PLANET DIVING<\/h5>\n\n\n\n<h5 class=\"wp-block-heading\"><strong>CLUB<\/strong><\/h5>\n\n\n\n<p>Nous sommes une petite structure \u00e0 but non lucratif, compos\u00e9e uniquement de membres \u00ab\u00a0b\u00e9n\u00e9voles\u00a0\u00bb. <br>Nous ne sommes pas ouvert en permanence, veuillez en tenir compte, <br>car nous traitons les demandes d&rsquo;information ou d&rsquo;adh\u00e9sion dans les prochaines semaines, ou d\u00e8s que possible.<\/p>\n\n\n\n<h5 class=\"wp-block-heading\"><strong>GONFLAGE AIR et TECH<\/strong><\/h5>\n\n\n\n<p>Pour en profiter, rien de plus simple : <a href=\"https:\/\/www.planetdiving.com\/site2\/club\/devenir-membre\/\" data-type=\"page\" data-id=\"794\">Devenez membre en cliquant ici<\/a>.<br>Tous les <a href=\"https:\/\/www.planetdiving.com\/site2\/club\/devenir-membre\/\" data-type=\"page\" data-id=\"794\">membres actifs<\/a> ont acc\u00e8s toute l\u2019ann\u00e9e \u00e0 une <a href=\"https:\/\/www.planetdiving.com\/site2\/club\/station-de-gonflage\/\" data-type=\"page\" data-id=\"787\">borne de gonflage AIR<\/a>, ouverte 24\/7, en pressions 230 et 300 bars, et accessible en ext\u00e9rieure avec place de parc devant.<br>Pour les <a href=\"https:\/\/www.planetdiving.com\/site2\/club\/devenir-membre\/\" data-type=\"page\" data-id=\"794\">membres actifs TECH<\/a>, nous donnons un acc\u00e8s autonome \u00e0 une <a href=\"https:\/\/www.planetdiving.com\/site2\/tech\/\" data-type=\"page\" data-id=\"1120\">station de gonflage TECH<\/a>, H\u00e9lium et Oxyg\u00e8ne, avec un compresseur et sur-compresseur de derni\u00e8re g\u00e9n\u00e9ration (reconstruction compl\u00e8te du local technique en 2023).<br><\/p>\n\n\n\n<h5 class=\"wp-block-heading\"><strong><strong>ECOLE <\/strong><\/strong><\/h5>\n\n\n\n<p>L&rsquo;Ecole met \u00e0 disposition des <a href=\"https:\/\/www.planetdiving.com\/site2\/ecole\/instructeurs\/\" data-type=\"page\" data-id=\"1092\">instructeurs<\/a> et des \u00e9l\u00e8ve une salle de cours moderne \u00e9quip\u00e9e d\u2019un t\u00e9l\u00e9viseur \u00e0 \u00e9cran plat, d\u2019un tableau blanc ainsi que de mat\u00e9riel de bureau. Nous donnons des <a href=\"https:\/\/www.planetdiving.com\/site2\/ecole\/\" data-type=\"page\" data-id=\"1025\">cours de plong\u00e9e<\/a> <a href=\"https:\/\/www.planetdiving.com\/site2\/ecole\/cours-padi\/\" data-type=\"page\" data-id=\"1011\">PADI<\/a>, <a href=\"https:\/\/www.planetdiving.com\/site2\/ecole\/cours-cmas\/\" data-type=\"page\" data-id=\"1018\">CMAS<\/a> et <a href=\"https:\/\/www.planetdiving.com\/site2\/ecole\/cours-tdi\/\" data-type=\"page\" data-id=\"1022\">TDI<\/a>.<\/p>\n\n\n\n<h5 class=\"wp-block-heading\"><strong><strong><strong>CLUB HOUSE <\/strong><\/strong><\/strong><\/h5>\n\n\n\n<p>Le Club dispose d&rsquo;un <a href=\"https:\/\/www.planetdiving.com\/site2\/club\/contact\/\" data-type=\"page\" data-id=\"775\">Club House<\/a>, \u00e9quip\u00e9 d&rsquo;un bar cashless, et qui sert de lieu de rencontre \u00e0 tous les <a href=\"https:\/\/www.planetdiving.com\/site2\/club\/devenir-membre\/\" data-type=\"page\" data-id=\"794\">membres<\/a> de notre club.<\/p>\n\n\n\n<h5 class=\"wp-block-heading\"><strong>A PROPOS DU CLUB<\/strong><\/h5>\n\n\n\n<p>Le Club de Plong\u00e9e Planet Diving est situ\u00e9 \u00e0 Colombier \/ Boudry (Neuch\u00e2tel) et a \u00e9t\u00e9 fond\u00e9 en 2001 par une poign\u00e9e de passionn\u00e9s.<br>Il fonctionne comme une Association \u00e0 but non lucratif. Nous sommes tous des b\u00e9n\u00e9voles.<br>Aujourd\u2019hui, le club compte plus d&rsquo;une centaine de Membres Actifs et Amis.<\/p>\n\n\n\n<p>Le club est <a href=\"https:\/\/www.planetdiving.com\/site2\/club\/contact\/\" data-type=\"page\" data-id=\"775\">id\u00e9alement situ\u00e9<\/a> \u00e0 quelques minutes seulement des spot de plong\u00e9e, telle que la c\u00e9l\u00e8bre &lsquo;Plage de Boudry&rsquo; et le spot de Neuch\u00e2tel-Serri\u00e8res. De nombreuses places de parc sont \u00e0 disposition des membres.<\/p>\n\n\n\n<h5 class=\"wp-block-heading\"><strong>L\u2019ESPRIT PLANET DIVING<\/strong><\/h5>\n\n\n\n<p>Un Club, une Ecole, une Ambiance\u2026 <br>Planet Diving accueille ses membres dans une atmosph\u00e8re particuli\u00e8rement sympathique, conviviale et quelques fois festive. <br>Tu n&rsquo;y croiseras pas uniquement des plongeurs, mais aussi des amis. <br>Nous avons dans les <a href=\"https:\/\/www.planetdiving.com\/site2\/club\/contact\/\" data-type=\"page\" data-id=\"775\">locaux du Club<\/a>, un bar cashless, une salle de cours, un local technique avec location de mat\u00e9riel, \u00e9quip\u00e9 d\u2019une <a href=\"https:\/\/www.planetdiving.com\/site2\/club\/station-de-gonflage\/\" data-type=\"page\" data-id=\"787\">station de gonflage AIR<\/a> et <a href=\"https:\/\/www.planetdiving.com\/site2\/tech\/\" data-type=\"page\" data-id=\"1120\">TECH<\/a> avec H\u00e9lium, Oxyg\u00e8ne et surpresseur.<\/p>\n\n\n\n<h5 class=\"wp-block-heading\"><strong>LA PLONGEE CLUB<\/strong><\/h5>\n\n\n\n<p>En saison estivale nous organisons r\u00e9guli\u00e8rement, une plong\u00e9e club et un ap\u00e9ro club certains soirs, afin de nous retrouver pour sympathiser au Club House (consulte nos groupes WhatsApp pour plus d&rsquo;informations).<\/p>\n\n\n\n<hr class=\"wp-block-separator has-alpha-channel-opacity\"\/>\n\n\n\n<div class=\"wp-block-buttons is-layout-flex wp-block-buttons-is-layout-flex\">\n<div class=\"wp-block-button\"><a class=\"wp-block-button__link wp-element-button\" href=\"https:\/\/www.planetdiving.com\/site2\/club\/contact\/\">Contactez-nous<\/a><\/div>\n<\/div>\n","protected":false},"excerpt":{"rendered":"","protected":false},"author":1,"featured_media":0,"parent":0,"menu_order":0,"comment_status":"closed","ping_status":"closed","template":"","meta":{"footnotes":""},"class_list":["post-785","page","type-page","status-publish","hentry"],"_links":{"self":[{"href":"https:\/\/www.planetdiving.com\/site2\/wp-json\/wp\/v2\/pages\/785","targetHints":{"allow":["GET"]}}],"collection":[{"href":"https:\/\/www.planetdiving.com\/site2\/wp-json\/wp\/v2\/pages"}],"about":[{"href":"https:\/\/www.planetdiving.com\/site2\/wp-json\/wp\/v2\/types\/page"}],"author":[{"embeddable":true,"href":"https:\/\/www.planetdiving.com\/site2\/wp-json\/wp\/v2\/users\/1"}],"replies":[{"embeddable":true,"href":"https:\/\/www.planetdiving.com\/site2\/wp-json\/wp\/v2\/comments?post=785"}],"version-history":[{"count":4,"href":"https:\/\/www.planetdiving.com\/site2\/wp-json\/wp\/v2\/pages\/785\/revisions"}],"predecessor-version":[{"id":832,"href":"https:\/\/www.planetdiving.com\/site2\/wp-json\/wp\/v2\/pages\/785\/revisions\/832"}],"wp:attachment":[{"href":"https:\/\/www.planetdiving.com\/site2\/wp-json\/wp\/v2\/media?parent=785"}],"curies":[{"name":"wp","href":"https:\/\/api.w.org\/{rel}","templated":true}]}}