{"id":1184,"date":"2023-10-11T19:10:20","date_gmt":"2023-10-11T17:10:20","guid":{"rendered":"https:\/\/www.planetdiving.com\/site2\/?page_id=1184"},"modified":"2023-10-31T16:07:01","modified_gmt":"2023-10-31T15:07:01","slug":"actualites","status":"publish","type":"page","link":"https:\/\/www.planetdiving.com\/site2\/actualites\/","title":{"rendered":"Actualit\u00e9s"},"content":{"rendered":"<ul style=\"background-color:#05467a;\" class=\"wp-block-latest-posts__list is-grid columns-3 wp-block-latest-posts has-background\"><li><a class=\"wp-block-latest-posts__post-title\" href=\"https:\/\/www.planetdiving.com\/site2\/assemblee-generale-2026\/\">Assembl\u00e9e G\u00e9n\u00e9rale 2026<\/a><div class=\"wp-block-latest-posts__post-excerpt\">Samedi 28 Mars 2026 d\u00e8s 18h<\/div><\/li>\n<li><div class=\"wp-block-latest-posts__featured-image\"><a href=\"https:\/\/www.planetdiving.com\/site2\/degustation-non-filtre-2026\/\" aria-label=\"D\u00e9gustation Non-Filtr\u00e9 2026\"><img loading=\"lazy\" decoding=\"async\" width=\"300\" height=\"300\" src=\"https:\/\/www.planetdiving.com\/site2\/wp-content\/uploads\/2026\/01\/Degustation2026-300x300.png\" class=\"attachment-medium size-medium wp-post-image\" alt=\"\" style=\"\" srcset=\"https:\/\/www.planetdiving.com\/site2\/wp-content\/uploads\/2026\/01\/Degustation2026-300x300.png 300w, https:\/\/www.planetdiving.com\/site2\/wp-content\/uploads\/2026\/01\/Degustation2026-150x150.png 150w, https:\/\/www.planetdiving.com\/site2\/wp-content\/uploads\/2026\/01\/Degustation2026-768x768.png 768w, https:\/\/www.planetdiving.com\/site2\/wp-content\/uploads\/2026\/01\/Degustation2026.png 1024w\" sizes=\"auto, (max-width: 300px) 100vw, 300px\" \/><\/a><\/div><a class=\"wp-block-latest-posts__post-title\" href=\"https:\/\/www.planetdiving.com\/site2\/degustation-non-filtre-2026\/\">D\u00e9gustation Non-Filtr\u00e9 2026<\/a><div class=\"wp-block-latest-posts__post-excerpt\">Samedi 31 Janvier 2026<\/div><\/li>\n<li><div class=\"wp-block-latest-posts__featured-image\"><a href=\"https:\/\/www.planetdiving.com\/site2\/petit-nouvelan-2026\/\" aria-label=\"Petit Nouvel An 2026\"><img loading=\"lazy\" decoding=\"async\" width=\"300\" height=\"300\" src=\"https:\/\/www.planetdiving.com\/site2\/wp-content\/uploads\/2025\/11\/Bonne-Annee-2026-1-300x300.png\" class=\"attachment-medium size-medium wp-post-image\" alt=\"\" style=\"\" srcset=\"https:\/\/www.planetdiving.com\/site2\/wp-content\/uploads\/2025\/11\/Bonne-Annee-2026-1-300x300.png 300w, https:\/\/www.planetdiving.com\/site2\/wp-content\/uploads\/2025\/11\/Bonne-Annee-2026-1-150x150.png 150w, https:\/\/www.planetdiving.com\/site2\/wp-content\/uploads\/2025\/11\/Bonne-Annee-2026-1-768x768.png 768w, https:\/\/www.planetdiving.com\/site2\/wp-content\/uploads\/2025\/11\/Bonne-Annee-2026-1.png 1024w\" sizes=\"auto, (max-width: 300px) 100vw, 300px\" \/><\/a><\/div><a class=\"wp-block-latest-posts__post-title\" href=\"https:\/\/www.planetdiving.com\/site2\/petit-nouvelan-2026\/\">Petit Nouvel An 2026<\/a><div class=\"wp-block-latest-posts__post-excerpt\">Vendredi 09 Janvier 2026<\/div><\/li>\n<li><div class=\"wp-block-latest-posts__featured-image\"><a href=\"https:\/\/www.planetdiving.com\/site2\/oktoberfest-2025\/\" aria-label=\"November Oktoberfest 2025\"><img loading=\"lazy\" decoding=\"async\" width=\"200\" height=\"300\" src=\"https:\/\/www.planetdiving.com\/site2\/wp-content\/uploads\/2025\/09\/1000121354-200x300.png\" class=\"attachment-medium size-medium wp-post-image\" alt=\"Oktoberfest 2025 plongeur\" style=\"\" srcset=\"https:\/\/www.planetdiving.com\/site2\/wp-content\/uploads\/2025\/09\/1000121354-200x300.png 200w, https:\/\/www.planetdiving.com\/site2\/wp-content\/uploads\/2025\/09\/1000121354-683x1024.png 683w, https:\/\/www.planetdiving.com\/site2\/wp-content\/uploads\/2025\/09\/1000121354-768x1152.png 768w, https:\/\/www.planetdiving.com\/site2\/wp-content\/uploads\/2025\/09\/1000121354.png 832w\" sizes=\"auto, (max-width: 200px) 100vw, 200px\" \/><\/a><\/div><a class=\"wp-block-latest-posts__post-title\" href=\"https:\/\/www.planetdiving.com\/site2\/oktoberfest-2025\/\">November Oktoberfest 2025<\/a><div class=\"wp-block-latest-posts__post-excerpt\">Samedi 22 Novembre 2025\n<\/div><\/li>\n<li><div class=\"wp-block-latest-posts__featured-image\"><a href=\"https:\/\/www.planetdiving.com\/site2\/halloween-2025\/\" aria-label=\"Halloween 2025\"><img loading=\"lazy\" decoding=\"async\" width=\"300\" height=\"200\" src=\"https:\/\/www.planetdiving.com\/site2\/wp-content\/uploads\/2025\/09\/Halloween2025-300x200.png\" class=\"attachment-medium size-medium wp-post-image\" alt=\"Halloween2025\" style=\"\" srcset=\"https:\/\/www.planetdiving.com\/site2\/wp-content\/uploads\/2025\/09\/Halloween2025-300x200.png 300w, https:\/\/www.planetdiving.com\/site2\/wp-content\/uploads\/2025\/09\/Halloween2025-1024x683.png 1024w, https:\/\/www.planetdiving.com\/site2\/wp-content\/uploads\/2025\/09\/Halloween2025.png 1248w\" sizes=\"auto, (max-width: 300px) 100vw, 300px\" \/><\/a><\/div><a class=\"wp-block-latest-posts__post-title\" href=\"https:\/\/www.planetdiving.com\/site2\/halloween-2025\/\">Halloween 2025<\/a><div class=\"wp-block-latest-posts__post-excerpt\">Vendredi 31 Octobre 2025<\/div><\/li>\n<li><div class=\"wp-block-latest-posts__featured-image\"><a href=\"https:\/\/www.planetdiving.com\/site2\/boudrysia2025\/\" aria-label=\"Boudrysia 2025\"><img loading=\"lazy\" decoding=\"async\" width=\"300\" height=\"151\" src=\"https:\/\/www.planetdiving.com\/site2\/wp-content\/uploads\/2025\/05\/Boudrysia2025-Stand-PLANETDIVING-300x151.jpg\" class=\"attachment-medium size-medium wp-post-image\" alt=\"Boudrysia 2025 - Stand Planet Diving\" style=\"\" srcset=\"https:\/\/www.planetdiving.com\/site2\/wp-content\/uploads\/2025\/05\/Boudrysia2025-Stand-PLANETDIVING-300x151.jpg 300w, https:\/\/www.planetdiving.com\/site2\/wp-content\/uploads\/2025\/05\/Boudrysia2025-Stand-PLANETDIVING-1024x516.jpg 1024w, https:\/\/www.planetdiving.com\/site2\/wp-content\/uploads\/2025\/05\/Boudrysia2025-Stand-PLANETDIVING-768x387.jpg 768w, https:\/\/www.planetdiving.com\/site2\/wp-content\/uploads\/2025\/05\/Boudrysia2025-Stand-PLANETDIVING-1536x775.jpg 1536w, https:\/\/www.planetdiving.com\/site2\/wp-content\/uploads\/2025\/05\/Boudrysia2025-Stand-PLANETDIVING-2048x1033.jpg 2048w\" sizes=\"auto, (max-width: 300px) 100vw, 300px\" \/><\/a><\/div><a class=\"wp-block-latest-posts__post-title\" href=\"https:\/\/www.planetdiving.com\/site2\/boudrysia2025\/\">Boudrysia 2025<\/a><div class=\"wp-block-latest-posts__post-excerpt\">12-13-14 Septembre 2025<\/div><\/li>\n<\/ul>\n\n\n<hr class=\"wp-block-separator has-alpha-channel-opacity\"\/>\n\n\n\n<p class=\"has-text-align-center has-vivid-cyan-blue-background-color has-background\" style=\"margin-top:0;margin-right:0;margin-bottom:0;margin-left:0;padding-top:0;padding-right:var(--wp--preset--spacing--70);padding-bottom:0;padding-left:var(--wp--preset--spacing--70);line-height:1.6\"><span style=\"text-decoration: underline;\"><strong>Agenda<\/strong><\/span><\/p>\n\n\n<p style=\"text-align: center;\"><iframe loading=\"lazy\" src=\"https:\/\/calendar.google.com\/calendar\/embed?height=300&#038;wkst=2&#038;bgcolor=%230693e3&#038;ctz=Europe%2FZurich&#038;showTitle=0&#038;showNav=1&#038;mode=AGENDA&#038;showDate=0&#038;showPrint=0&#038;showCalendars=0&#038;showTz=0&#038;showTabs=1&#038;src=NDJwcHE1M25xODgzMzdxZW91dnZmbHZ2ZzhAZ3JvdXAuY2FsZW5kYXIuZ29vZ2xlLmNvbQ&#038;color=%23F09300\" style=\"border-width:0\" width=\"350\" height=\"300\" frameborder=\"0\" scrolling=\"no\"><\/iframe><\/p>\n\n\n<hr class=\"wp-block-separator has-alpha-channel-opacity\"\/>\n\n\n\n<p style=\"margin-right:var(--wp--preset--spacing--30);margin-left:var(--wp--preset--spacing--30)\"><strong><span style=\"text-decoration: underline;\">Archives<\/span><\/strong><\/p>\n\n\n\n<div class=\"wp-block-columns is-layout-flex wp-container-core-columns-is-layout-1a2ddb66 wp-block-columns-is-layout-flex\" style=\"padding-right:var(--wp--preset--spacing--30);padding-left:var(--wp--preset--spacing--30)\">\n<div class=\"wp-block-column is-layout-flow wp-block-column-is-layout-flow\" style=\"flex-basis:50%\">\n<p><em>Cat\u00e9gorie<\/em>s<\/p>\n\n\n<ul class=\"wp-block-categories-list wp-block-categories\">\t<li class=\"cat-item cat-item-1\"><a href=\"https:\/\/www.planetdiving.com\/site2\/category\/activity\/\">Activit\u00e9s<\/a> (19)\n<\/li>\n\t<li class=\"cat-item cat-item-6\"><a href=\"https:\/\/www.planetdiving.com\/site2\/category\/informations\/\">Informations<\/a> (6)\n<\/li>\n\t<li class=\"cat-item cat-item-5\"><a href=\"https:\/\/www.planetdiving.com\/site2\/category\/membres\/\">Membres<\/a> (8)\n<\/li>\n\t<li class=\"cat-item cat-item-33\"><a href=\"https:\/\/www.planetdiving.com\/site2\/category\/diving\/\">Plong\u00e9e<\/a> (6)\n<\/li>\n<\/ul>\n\n\n<p><em>Ann\u00e9e de publication<\/em><\/p>\n\n\n<ul class=\"wp-block-archives-list wp-block-archives\">\t<li><a href='https:\/\/www.planetdiving.com\/site2\/2026\/'>2026<\/a>&nbsp;(1)<\/li>\n\t<li><a href='https:\/\/www.planetdiving.com\/site2\/2025\/'>2025<\/a>&nbsp;(10)<\/li>\n\t<li><a href='https:\/\/www.planetdiving.com\/site2\/2024\/'>2024<\/a>&nbsp;(6)<\/li>\n\t<li><a href='https:\/\/www.planetdiving.com\/site2\/2023\/'>2023<\/a>&nbsp;(4)<\/li>\n<\/ul>\n\n\n<p><em>Mots cl\u00e9<\/em>s<\/p>\n\n\n<p class=\"wp-block-tag-cloud\"><a href=\"https:\/\/www.planetdiving.com\/site2\/tag\/activity\/\" class=\"tag-cloud-link tag-link-27 tag-link-position-1\" style=\"font-size: 21.02pt;\" aria-label=\"Activit\u00e9s (16 \u00e9l\u00e9ments)\">Activit\u00e9s<\/a>\n<a href=\"https:\/\/www.planetdiving.com\/site2\/tag\/assemblee-generale\/\" class=\"tag-cloud-link tag-link-31 tag-link-position-2\" style=\"font-size: 12.2pt;\" aria-label=\"Assembl\u00e9e G\u00e9n\u00e9rale (3 \u00e9l\u00e9ments)\">Assembl\u00e9e G\u00e9n\u00e9rale<\/a>\n<a href=\"https:\/\/www.planetdiving.com\/site2\/tag\/boudrysia\/\" class=\"tag-cloud-link tag-link-11 tag-link-position-3\" style=\"font-size: 10.52pt;\" aria-label=\"Boudrysia (2 \u00e9l\u00e9ments)\">Boudrysia<\/a>\n<a href=\"https:\/\/www.planetdiving.com\/site2\/tag\/benevoles\/\" class=\"tag-cloud-link tag-link-12 tag-link-position-4\" style=\"font-size: 8pt;\" aria-label=\"B\u00e9n\u00e9voles (1 \u00e9l\u00e9ment)\">B\u00e9n\u00e9voles<\/a>\n<a href=\"https:\/\/www.planetdiving.com\/site2\/tag\/club\/\" class=\"tag-cloud-link tag-link-17 tag-link-position-5\" style=\"font-size: 22pt;\" aria-label=\"Club (19 \u00e9l\u00e9ments)\">Club<\/a>\n<a href=\"https:\/\/www.planetdiving.com\/site2\/tag\/colombier\/\" class=\"tag-cloud-link tag-link-16 tag-link-position-6\" style=\"font-size: 8pt;\" aria-label=\"Colombier (1 \u00e9l\u00e9ment)\">Colombier<\/a>\n<a href=\"https:\/\/www.planetdiving.com\/site2\/tag\/degustation\/\" class=\"tag-cloud-link tag-link-34 tag-link-position-7\" style=\"font-size: 8pt;\" aria-label=\"Degustation (1 \u00e9l\u00e9ment)\">Degustation<\/a>\n<a href=\"https:\/\/www.planetdiving.com\/site2\/tag\/ecole\/\" class=\"tag-cloud-link tag-link-18 tag-link-position-8\" style=\"font-size: 12.2pt;\" aria-label=\"Ecole (3 \u00e9l\u00e9ments)\">Ecole<\/a>\n<a href=\"https:\/\/www.planetdiving.com\/site2\/tag\/fondateur\/\" class=\"tag-cloud-link tag-link-8 tag-link-position-9\" style=\"font-size: 8pt;\" aria-label=\"Fondateur (1 \u00e9l\u00e9ment)\">Fondateur<\/a>\n<a href=\"https:\/\/www.planetdiving.com\/site2\/tag\/halloween\/\" class=\"tag-cloud-link tag-link-26 tag-link-position-10\" style=\"font-size: 12.2pt;\" aria-label=\"Halloween (3 \u00e9l\u00e9ments)\">Halloween<\/a>\n<a href=\"https:\/\/www.planetdiving.com\/site2\/tag\/membres\/\" class=\"tag-cloud-link tag-link-20 tag-link-position-11\" style=\"font-size: 15.7pt;\" aria-label=\"Membres (6 \u00e9l\u00e9ments)\">Membres<\/a>\n<a href=\"https:\/\/www.planetdiving.com\/site2\/tag\/oktoberfest\/\" class=\"tag-cloud-link tag-link-29 tag-link-position-12\" style=\"font-size: 10.52pt;\" aria-label=\"OktoberFest (2 \u00e9l\u00e9ments)\">OktoberFest<\/a>\n<a href=\"https:\/\/www.planetdiving.com\/site2\/tag\/diving\/\" class=\"tag-cloud-link tag-link-19 tag-link-position-13\" style=\"font-size: 15.7pt;\" aria-label=\"Plong\u00e9e (6 \u00e9l\u00e9ments)\">Plong\u00e9e<\/a>\n<a href=\"https:\/\/www.planetdiving.com\/site2\/tag\/portes-ouvertes\/\" class=\"tag-cloud-link tag-link-14 tag-link-position-14\" style=\"font-size: 8pt;\" aria-label=\"Portes Ouvertes (1 \u00e9l\u00e9ment)\">Portes Ouvertes<\/a>\n<a href=\"https:\/\/www.planetdiving.com\/site2\/tag\/saison\/\" class=\"tag-cloud-link tag-link-35 tag-link-position-15\" style=\"font-size: 8pt;\" aria-label=\"Saison (1 \u00e9l\u00e9ment)\">Saison<\/a>\n<a href=\"https:\/\/www.planetdiving.com\/site2\/tag\/soiree\/\" class=\"tag-cloud-link tag-link-28 tag-link-position-16\" style=\"font-size: 20.32pt;\" aria-label=\"Soir\u00e9e (14 \u00e9l\u00e9ments)\">Soir\u00e9e<\/a>\n<a href=\"https:\/\/www.planetdiving.com\/site2\/tag\/stand\/\" class=\"tag-cloud-link tag-link-13 tag-link-position-17\" style=\"font-size: 8pt;\" aria-label=\"Stand (1 \u00e9l\u00e9ment)\">Stand<\/a><\/p><\/div>\n\n\n\n<div class=\"wp-block-column is-layout-flow wp-block-column-is-layout-flow\" style=\"flex-basis:50%\">\n<p><em>Jour de publication<\/em><\/p>\n\n\n<div class=\"wp-block-calendar\"><table id=\"wp-calendar\" class=\"wp-calendar-table has-text-color has-cyan-bluish-gray-color\">\n\t<caption>avril 2026<\/caption>\n\t<thead>\n\t<tr>\n\t\t<th scope=\"col\" aria-label=\"lundi\">L<\/th>\n\t\t<th scope=\"col\" aria-label=\"mardi\">M<\/th>\n\t\t<th scope=\"col\" aria-label=\"mercredi\">M<\/th>\n\t\t<th scope=\"col\" aria-label=\"jeudi\">J<\/th>\n\t\t<th scope=\"col\" aria-label=\"vendredi\">V<\/th>\n\t\t<th scope=\"col\" aria-label=\"samedi\">S<\/th>\n\t\t<th scope=\"col\" aria-label=\"dimanche\">D<\/th>\n\t<\/tr>\n\t<\/thead>\n\t<tbody>\n\t<tr>\n\t\t<td colspan=\"2\" class=\"pad\">&nbsp;<\/td><td>1<\/td><td>2<\/td><td>3<\/td><td>4<\/td><td>5<\/td>\n\t<\/tr>\n\t<tr>\n\t\t<td>6<\/td><td>7<\/td><td>8<\/td><td>9<\/td><td>10<\/td><td id=\"today\">11<\/td><td>12<\/td>\n\t<\/tr>\n\t<tr>\n\t\t<td>13<\/td><td>14<\/td><td>15<\/td><td>16<\/td><td>17<\/td><td>18<\/td><td>19<\/td>\n\t<\/tr>\n\t<tr>\n\t\t<td>20<\/td><td>21<\/td><td>22<\/td><td>23<\/td><td>24<\/td><td>25<\/td><td>26<\/td>\n\t<\/tr>\n\t<tr>\n\t\t<td>27<\/td><td>28<\/td><td>29<\/td><td>30<\/td>\n\t\t<td class=\"pad\" colspan=\"3\">&nbsp;<\/td>\n\t<\/tr>\n\t<\/tbody>\n\t<\/table><nav aria-label=\"Mois pr\u00e9c\u00e9dents et suivants\" class=\"wp-calendar-nav\">\n\t\t<span class=\"wp-calendar-nav-prev\"><a href=\"https:\/\/www.planetdiving.com\/site2\/2026\/02\/\">&laquo; F\u00e9v<\/a><\/span>\n\t\t<span class=\"pad\">&nbsp;<\/span>\n\t\t<span class=\"wp-calendar-nav-next\">&nbsp;<\/span>\n\t<\/nav><\/div>\n\n<form role=\"search\" method=\"get\" action=\"https:\/\/www.planetdiving.com\/site2\/\" class=\"wp-block-search__button-outside wp-block-search__icon-button wp-block-search\"    ><label class=\"wp-block-search__label\" for=\"wp-block-search__input-1\" >Rechercher<\/label><div class=\"wp-block-search__inside-wrapper\" ><input class=\"wp-block-search__input\" id=\"wp-block-search__input-1\" placeholder=\"\" value=\"\" type=\"search\" name=\"s\" required \/><button aria-label=\"Rechercher\" class=\"wp-block-search__button has-icon wp-element-button\" type=\"submit\" ><svg class=\"search-icon\" viewBox=\"0 0 24 24\" width=\"24\" height=\"24\">\n\t\t\t\t\t<path d=\"M13 5c-3.3 0-6 2.7-6 6 0 1.4.5 2.7 1.3 3.7l-3.8 3.8 1.1 1.1 3.8-3.8c1 .8 2.3 1.3 3.7 1.3 3.3 0 6-2.7 6-6S16.3 5 13 5zm0 10.5c-2.5 0-4.5-2-4.5-4.5s2-4.5 4.5-4.5 4.5 2 4.5 4.5-2 4.5-4.5 4.5z\"><\/path>\n\t\t\t\t<\/svg><\/button><\/div><\/form><\/div>\n<\/div>\n","protected":false},"excerpt":{"rendered":"<p>Archives Cat\u00e9gories Ann\u00e9e de publication Mots cl\u00e9s Jour de publication<\/p>\n","protected":false},"author":1,"featured_media":0,"parent":0,"menu_order":0,"comment_status":"closed","ping_status":"closed","template":"","meta":{"footnotes":""},"class_list":["post-1184","page","type-page","status-publish","hentry"],"_links":{"self":[{"href":"https:\/\/www.planetdiving.com\/site2\/wp-json\/wp\/v2\/pages\/1184","targetHints":{"allow":["GET"]}}],"collection":[{"href":"https:\/\/www.planetdiving.com\/site2\/wp-json\/wp\/v2\/pages"}],"about":[{"href":"https:\/\/www.planetdiving.com\/site2\/wp-json\/wp\/v2\/types\/page"}],"author":[{"embeddable":true,"href":"https:\/\/www.planetdiving.com\/site2\/wp-json\/wp\/v2\/users\/1"}],"replies":[{"embeddable":true,"href":"https:\/\/www.planetdiving.com\/site2\/wp-json\/wp\/v2\/comments?post=1184"}],"version-history":[{"count":18,"href":"https:\/\/www.planetdiving.com\/site2\/wp-json\/wp\/v2\/pages\/1184\/revisions"}],"predecessor-version":[{"id":1460,"href":"https:\/\/www.planetdiving.com\/site2\/wp-json\/wp\/v2\/pages\/1184\/revisions\/1460"}],"wp:attachment":[{"href":"https:\/\/www.planetdiving.com\/site2\/wp-json\/wp\/v2\/media?parent=1184"}],"curies":[{"name":"wp","href":"https:\/\/api.w.org\/{rel}","templated":true}]}}