{"id":1075,"date":"2023-10-11T16:37:28","date_gmt":"2023-10-11T14:37:28","guid":{"rendered":"https:\/\/www.planetdiving.com\/site2\/?page_id=1075"},"modified":"2023-10-11T17:18:35","modified_gmt":"2023-10-11T15:18:35","slug":"tdi-procedures-de-decompression","status":"publish","type":"page","link":"https:\/\/www.planetdiving.com\/site2\/ecole\/cours-tdi\/tdi-procedures-de-decompression\/","title":{"rendered":"TDI PROC\u00c9DURES DE D\u00c9COMPRESSION"},"content":{"rendered":"\n<figure class=\"wp-block-image size-full\"><img loading=\"lazy\" decoding=\"async\" width=\"150\" height=\"150\" src=\"https:\/\/www.planetdiving.com\/site2\/wp-content\/uploads\/2023\/10\/tdi_150.png\" alt=\"TDI\" class=\"wp-image-1023\"\/><\/figure>\n\n\n\n<h3 class=\"wp-block-heading\">TDI PROC\u00c9DURES DE D\u00c9COMPRESSION<\/h3>\n\n\n\n<p>Ce cours examine la th\u00e9orie, les m\u00e9thodes et les proc\u00e9dures de d\u00e9compression de plong\u00e9e. L&rsquo;objectif du cours est de former des plongeurs de mani\u00e8re \u00e0 planifier des plong\u00e9es \u00e0 d\u00e9compression, de fa\u00e7on ind\u00e9pendante.<\/p>\n\n\n\n<p>Durant le cours, les \u00e9l\u00e8ves se pencheront sur la plupart des exigences en mati\u00e8re d&rsquo;\u00e9quipement, sur les techniques et les diff\u00e9rents syst\u00e8mes de d\u00e9compression afin de pouvoir planifier eux-m\u00eames, de fa\u00e7on pr\u00e9cise leurs plong\u00e9es. Tu apprendras comment l&rsquo;air sous pression respir\u00e9 agit sur le m\u00e9tabolisme humain et comment le maitriser \u00e0 l&rsquo;aide de paliers de d\u00e9compression. La physiologie du corps est une partie importante de ce cours.<\/p>\n\n\n\n<p>L&rsquo;air enrichi et l&rsquo;oxyg\u00e8ne peuvent \u00eatre utilis\u00e9s pour la d\u00e9compression si l&rsquo;\u00e9l\u00e8ve poss\u00e8de une licence\u00a0<a href=\"https:\/\/www.planetdiving.com\/site2\/ecole\/cours-tdi\/tdi-nitrox-avance\/\" data-type=\"page\" data-id=\"1080\">TDI Nitrox Avanc\u00e9<\/a>. Ce cours peut-\u00eatre combin\u00e9 avec le cours TDI Nitrox Avanc\u00e9. Ton cours termin\u00e9, et ton examen r\u00e9ussi, l&rsquo;obtention de ton brevet te permettra de plonger en toute s\u00e9curit\u00e9 dans les limites des standards enseign\u00e9s durant le cours..<\/p>\n\n\n\n<h5 class=\"wp-block-heading\">MAT\u00c9RIEL<\/h5>\n\n\n\n<p><em>Il est n\u00e9cessaire de poss\u00e9der son propre \u00e9quipement.<\/em><\/p>\n\n\n\n<h5 class=\"wp-block-heading\">CONDITIONS D&rsquo;ADMISSION<\/h5>\n\n\n\n<ul class=\"wp-block-list\">\n<li>18 ans<\/li>\n\n\n\n<li><a href=\"https:\/\/www.planetdiving.com\/site2\/ecole\/cours-padi\/padi-advanced-open-water\/\" data-type=\"page\" data-id=\"1041\">PADI Advanced Open Water<\/a>\u00a0ou\u00a0<a href=\"https:\/\/www.planetdiving.com\/site2\/ecole\/cours-cmas\/cmas-p2\/\" data-type=\"page\" data-id=\"1061\">CMAS P2<\/a><\/li>\n\n\n\n<li>Etre en bonne sant\u00e9 et en bonne condition physique<\/li>\n\n\n\n<li>Pas de contre-indication m\u00e9dicale<\/li>\n\n\n\n<li>Etre\u00a0<a href=\"https:\/\/www.planetdiving.com\/site2\/club\/devenir-membre\/\" data-type=\"page\" data-id=\"794\">membre<\/a>\u00a0du club Planet Diving<\/li>\n<\/ul>\n\n\n\n<h5 class=\"wp-block-heading\">CONTENU DU COURS<\/h5>\n\n\n\n<ul class=\"wp-block-list\">\n<li>1-2 le\u00e7ons de th\u00e9orie<\/li>\n\n\n\n<li>1 examen th\u00e9orique<\/li>\n\n\n\n<li>4 plong\u00e9es<\/li>\n<\/ul>\n\n\n\n<h5 class=\"wp-block-heading\">PRIX<\/h5>\n\n\n\n<p>CHF 500.-, support de cours et certification inclus.<\/p>\n\n\n\n<h5 class=\"wp-block-heading\">OFFRE SP\u00c9CIALE<\/h5>\n\n\n\n<ul class=\"wp-block-list\">\n<li><a href=\"https:\/\/www.planetdiving.com\/site2\/ecole\/cours-tdi\/tdi-procedures-de-decompression\/\" data-type=\"page\" data-id=\"1075\">Proc\u00e9dures de d\u00e9compression<\/a>&nbsp;+&nbsp;<a href=\"https:\/\/www.planetdiving.com\/site2\/ecole\/cours-tdi\/tdi-nitrox-avance\/\" data-type=\"page\" data-id=\"1080\">Nitrox avanc\u00e9<\/a>&nbsp;+&nbsp;<a href=\"https:\/\/www.planetdiving.com\/site2\/ecole\/cours-tdi\/tdi-gaz-blender\/\" data-type=\"page\" data-id=\"1084\">Gaz Blender<\/a>: CHF 1050.-<\/li>\n\n\n\n<li>D&rsquo;autres forfaits tech sont disponibles sur la page&nbsp;<a href=\"https:\/\/www.planetdiving.com\/site2\/ecole\/\" data-type=\"page\" data-id=\"1025\">Tarifs de l&rsquo;\u00c9cole<\/a><\/li>\n<\/ul>\n","protected":false},"excerpt":{"rendered":"<p>TDI PROC\u00c9DURES DE D\u00c9COMPRESSION Ce cours examine la th\u00e9orie, les m\u00e9thodes et les proc\u00e9dures de d\u00e9compression de plong\u00e9e. L&rsquo;objectif du cours est de former des plongeurs de mani\u00e8re \u00e0 planifier des plong\u00e9es \u00e0 d\u00e9compression, de fa\u00e7on ind\u00e9pendante. Durant le cours, les \u00e9l\u00e8ves se pencheront sur la plupart des exigences en mati\u00e8re d&rsquo;\u00e9quipement, sur les techniques [&hellip;]<\/p>\n","protected":false},"author":1,"featured_media":0,"parent":1022,"menu_order":2,"comment_status":"closed","ping_status":"closed","template":"","meta":{"footnotes":""},"class_list":["post-1075","page","type-page","status-publish","hentry"],"_links":{"self":[{"href":"https:\/\/www.planetdiving.com\/site2\/wp-json\/wp\/v2\/pages\/1075","targetHints":{"allow":["GET"]}}],"collection":[{"href":"https:\/\/www.planetdiving.com\/site2\/wp-json\/wp\/v2\/pages"}],"about":[{"href":"https:\/\/www.planetdiving.com\/site2\/wp-json\/wp\/v2\/types\/page"}],"author":[{"embeddable":true,"href":"https:\/\/www.planetdiving.com\/site2\/wp-json\/wp\/v2\/users\/1"}],"replies":[{"embeddable":true,"href":"https:\/\/www.planetdiving.com\/site2\/wp-json\/wp\/v2\/comments?post=1075"}],"version-history":[{"count":4,"href":"https:\/\/www.planetdiving.com\/site2\/wp-json\/wp\/v2\/pages\/1075\/revisions"}],"predecessor-version":[{"id":1112,"href":"https:\/\/www.planetdiving.com\/site2\/wp-json\/wp\/v2\/pages\/1075\/revisions\/1112"}],"up":[{"embeddable":true,"href":"https:\/\/www.planetdiving.com\/site2\/wp-json\/wp\/v2\/pages\/1022"}],"wp:attachment":[{"href":"https:\/\/www.planetdiving.com\/site2\/wp-json\/wp\/v2\/media?parent=1075"}],"curies":[{"name":"wp","href":"https:\/\/api.w.org\/{rel}","templated":true}]}}