{"id":1059,"date":"2023-10-11T16:28:45","date_gmt":"2023-10-11T14:28:45","guid":{"rendered":"https:\/\/www.planetdiving.com\/site2\/?page_id=1059"},"modified":"2023-10-11T17:10:46","modified_gmt":"2023-10-11T15:10:46","slug":"cmas-p1","status":"publish","type":"page","link":"https:\/\/www.planetdiving.com\/site2\/ecole\/cours-cmas\/cmas-p1\/","title":{"rendered":"CMAS P1"},"content":{"rendered":"\n<figure class=\"wp-block-image size-full\"><img loading=\"lazy\" decoding=\"async\" width=\"150\" height=\"150\" src=\"https:\/\/www.planetdiving.com\/site2\/wp-content\/uploads\/2023\/10\/cmas_150.png\" alt=\"CMAS\" class=\"wp-image-1019\"\/><\/figure>\n\n\n\n<h3 class=\"wp-block-heading\">CMAS P1<\/h3>\n\n\n\n<p>Le cours CMAS P1 est destin\u00e9 aux d\u00e9butants.<\/p>\n\n\n\n<p>Ce brevet te permet d&rsquo;acqu\u00e9rir les comp\u00e9tences de base de la plong\u00e9e en respectant les standards de s\u00e9curit\u00e9 en vigueur, les principes au niveau des techniques et du mat\u00e9riel.<\/p>\n\n\n\n<p>Ton cours termin\u00e9, et ton examen r\u00e9ussi, l&rsquo;obtention de ton brevet te permettra de plonger (<strong>max. 18 m\u00e8tres<\/strong>) en toute s\u00e9curit\u00e9 en compagnie d&rsquo;un bin\u00f4me (partenaire).<\/p>\n\n\n\n<h5 class=\"wp-block-heading\">CONDITIONS D&rsquo;ADMISSION<\/h5>\n\n\n\n<ul class=\"wp-block-list\">\n<li>14 ans<\/li>\n\n\n\n<li>Etre en bonne sant\u00e9 et en bonne condition physique<\/li>\n\n\n\n<li>Certificat m\u00e9dical<\/li>\n\n\n\n<li>Etre\u00a0<a href=\"https:\/\/www.planetdiving.com\/site2\/club\/devenir-membre\/\" data-type=\"page\" data-id=\"794\">membre<\/a>\u00a0du club Planet Diving<\/li>\n<\/ul>\n\n\n\n<h5 class=\"wp-block-heading\">CONTENU DU COURS<\/h5>\n\n\n\n<ul class=\"wp-block-list\">\n<li>4 chapitres de th\u00e9orie<\/li>\n\n\n\n<li>6-8 plong\u00e9es<\/li>\n<\/ul>\n\n\n\n<h5 class=\"wp-block-heading\">PRIX<\/h5>\n\n\n\n<p>CHF 600.-, livre, mat\u00e9riel et certification inclus.<\/p>\n","protected":false},"excerpt":{"rendered":"<p>CMAS P1 Le cours CMAS P1 est destin\u00e9 aux d\u00e9butants. Ce brevet te permet d&rsquo;acqu\u00e9rir les comp\u00e9tences de base de la plong\u00e9e en respectant les standards de s\u00e9curit\u00e9 en vigueur, les principes au niveau des techniques et du mat\u00e9riel. Ton cours termin\u00e9, et ton examen r\u00e9ussi, l&rsquo;obtention de ton brevet te permettra de plonger (max. [&hellip;]<\/p>\n","protected":false},"author":1,"featured_media":0,"parent":1018,"menu_order":1,"comment_status":"closed","ping_status":"closed","template":"","meta":{"footnotes":""},"class_list":["post-1059","page","type-page","status-publish","hentry"],"_links":{"self":[{"href":"https:\/\/www.planetdiving.com\/site2\/wp-json\/wp\/v2\/pages\/1059","targetHints":{"allow":["GET"]}}],"collection":[{"href":"https:\/\/www.planetdiving.com\/site2\/wp-json\/wp\/v2\/pages"}],"about":[{"href":"https:\/\/www.planetdiving.com\/site2\/wp-json\/wp\/v2\/types\/page"}],"author":[{"embeddable":true,"href":"https:\/\/www.planetdiving.com\/site2\/wp-json\/wp\/v2\/users\/1"}],"replies":[{"embeddable":true,"href":"https:\/\/www.planetdiving.com\/site2\/wp-json\/wp\/v2\/comments?post=1059"}],"version-history":[{"count":2,"href":"https:\/\/www.planetdiving.com\/site2\/wp-json\/wp\/v2\/pages\/1059\/revisions"}],"predecessor-version":[{"id":1107,"href":"https:\/\/www.planetdiving.com\/site2\/wp-json\/wp\/v2\/pages\/1059\/revisions\/1107"}],"up":[{"embeddable":true,"href":"https:\/\/www.planetdiving.com\/site2\/wp-json\/wp\/v2\/pages\/1018"}],"wp:attachment":[{"href":"https:\/\/www.planetdiving.com\/site2\/wp-json\/wp\/v2\/media?parent=1059"}],"curies":[{"name":"wp","href":"https:\/\/api.w.org\/{rel}","templated":true}]}}