{"id":1052,"date":"2023-10-11T16:14:22","date_gmt":"2023-10-11T14:14:22","guid":{"rendered":"https:\/\/www.planetdiving.com\/site2\/?page_id=1052"},"modified":"2023-10-11T16:25:01","modified_gmt":"2023-10-11T14:25:01","slug":"bapteme-de-plongee","status":"publish","type":"page","link":"https:\/\/www.planetdiving.com\/site2\/ecole\/cours-padi\/bapteme-de-plongee\/","title":{"rendered":"BAPT\u00c8ME DE PLONG\u00c9E"},"content":{"rendered":"\n<figure class=\"wp-block-image size-full\"><img loading=\"lazy\" decoding=\"async\" width=\"150\" height=\"150\" src=\"https:\/\/www.planetdiving.com\/site2\/wp-content\/uploads\/2023\/10\/padi_150.png\" alt=\"PADI\" class=\"wp-image-1012\"\/><\/figure>\n\n\n\n<h3 class=\"wp-block-heading\">BAPT\u00c8ME DE PLONG\u00c9E<\/h3>\n\n\n\n<p>As-tu d\u00e9j\u00e0 pens\u00e9 \u00e0 \u00e9voluer en apesanteur?<br>As-tu d\u00e9j\u00e0 r\u00eav\u00e9 de respirer sous l&rsquo;eau?<br>As-tu d\u00e9j\u00e0 imagin\u00e9 acc\u00e9der \u00e0 un monde compl\u00e8tement diff\u00e9rent?<\/p>\n\n\n\n<p>Lance-toi, la plong\u00e9e sous-marine t&rsquo;ouvrira la porte d&rsquo;une nouvelle dimension passionnante et ludique \u00e0 la port\u00e9e de tous.<\/p>\n\n\n\n<p>Le bapt\u00eame a pour but de te permettre d&rsquo;exp\u00e9rimenter la plong\u00e9e dans un cadre s\u00e9curis\u00e9. Il est le pr\u00e9alable conseill\u00e9 avant de s&rsquo;engager dans un cours de formation.<\/p>\n\n\n\n<p>Pour les enfants, la participation d&rsquo;un parent est vivement recommand\u00e9e.<\/p>\n\n\n\n<h5 class=\"wp-block-heading\">CONDITIONS D&rsquo;ADMISSION<\/h5>\n\n\n\n<ul class=\"wp-block-list\">\n<li>12 ans<\/li>\n\n\n\n<li>Etre en bonne sant\u00e9 et en bonne condition physique<\/li>\n\n\n\n<li>Pas de contre-indication m\u00e9dicale<\/li>\n\n\n\n<li>Savoir nager<\/li>\n<\/ul>\n\n\n\n<h5 class=\"wp-block-heading\">CONTENU DU COURS<\/h5>\n\n\n\n<ul class=\"wp-block-list\">\n<li>Briefing d\u00e9taill\u00e9<\/li>\n\n\n\n<li>1 plong\u00e9e<\/li>\n\n\n\n<li>Environ 3 heures au total<\/li>\n<\/ul>\n\n\n\n<h5 class=\"wp-block-heading\">PRIX<\/h5>\n\n\n\n<p>CHF 60.-, mat\u00e9riel inclus (ce cours n&rsquo;est pas une certification).<\/p>\n","protected":false},"excerpt":{"rendered":"<p>BAPT\u00c8ME DE PLONG\u00c9E As-tu d\u00e9j\u00e0 pens\u00e9 \u00e0 \u00e9voluer en apesanteur?As-tu d\u00e9j\u00e0 r\u00eav\u00e9 de respirer sous l&rsquo;eau?As-tu d\u00e9j\u00e0 imagin\u00e9 acc\u00e9der \u00e0 un monde compl\u00e8tement diff\u00e9rent? Lance-toi, la plong\u00e9e sous-marine t&rsquo;ouvrira la porte d&rsquo;une nouvelle dimension passionnante et ludique \u00e0 la port\u00e9e de tous. Le bapt\u00eame a pour but de te permettre d&rsquo;exp\u00e9rimenter la plong\u00e9e dans un [&hellip;]<\/p>\n","protected":false},"author":1,"featured_media":0,"parent":1011,"menu_order":8,"comment_status":"closed","ping_status":"closed","template":"","meta":{"footnotes":""},"class_list":["post-1052","page","type-page","status-publish","hentry"],"_links":{"self":[{"href":"https:\/\/www.planetdiving.com\/site2\/wp-json\/wp\/v2\/pages\/1052","targetHints":{"allow":["GET"]}}],"collection":[{"href":"https:\/\/www.planetdiving.com\/site2\/wp-json\/wp\/v2\/pages"}],"about":[{"href":"https:\/\/www.planetdiving.com\/site2\/wp-json\/wp\/v2\/types\/page"}],"author":[{"embeddable":true,"href":"https:\/\/www.planetdiving.com\/site2\/wp-json\/wp\/v2\/users\/1"}],"replies":[{"embeddable":true,"href":"https:\/\/www.planetdiving.com\/site2\/wp-json\/wp\/v2\/comments?post=1052"}],"version-history":[{"count":1,"href":"https:\/\/www.planetdiving.com\/site2\/wp-json\/wp\/v2\/pages\/1052\/revisions"}],"predecessor-version":[{"id":1053,"href":"https:\/\/www.planetdiving.com\/site2\/wp-json\/wp\/v2\/pages\/1052\/revisions\/1053"}],"up":[{"embeddable":true,"href":"https:\/\/www.planetdiving.com\/site2\/wp-json\/wp\/v2\/pages\/1011"}],"wp:attachment":[{"href":"https:\/\/www.planetdiving.com\/site2\/wp-json\/wp\/v2\/media?parent=1052"}],"curies":[{"name":"wp","href":"https:\/\/api.w.org\/{rel}","templated":true}]}}