{"id":1027,"date":"2023-10-11T15:54:15","date_gmt":"2023-10-11T13:54:15","guid":{"rendered":"https:\/\/www.planetdiving.com\/site2\/?page_id=1027"},"modified":"2023-10-11T16:01:11","modified_gmt":"2023-10-11T14:01:11","slug":"passerelles","status":"publish","type":"page","link":"https:\/\/www.planetdiving.com\/site2\/ecole\/passerelles\/","title":{"rendered":"PASSERELLES"},"content":{"rendered":"\n<h5 class=\"wp-block-heading\">PASSERELLES ENTRE F\u00c9D\u00c9RATIONS<\/h5>\n\n\n\n<p>Ici sont r\u00e9pertori\u00e9es d&rsquo;une part les \u00e9quivalences entre les niveaux PADI et CMAS et d&rsquo;autre part les diff\u00e9rentes passerelles qu&rsquo;un plongeur peut prendre au cours de sa formation s&rsquo;il souhaite changer de f\u00e9d\u00e9ration ou simplement \u00e9largir son horizon.<\/p>\n\n\n\n<p>Pour plus de renseignements ou pour des d\u00e9tails techniques, <br>nos instructeurs sont \u00e0 disposition!<\/p>\n\n\n\n<p><strong>\u00c9QUIVALENCES CMAS &#8211; PADI<\/strong><\/p>\n\n\n\n<figure class=\"wp-block-table\"><table><thead><tr><th>NIVEAU&nbsp;<a href=\"https:\/\/www.planetdiving.com\/site\/ecole.padi.php\">PADI<\/a><\/th><th>NIVEAU&nbsp;<a href=\"https:\/\/www.planetdiving.com\/site\/ecole.cmas.php\">CMAS<\/a><\/th><\/tr><\/thead><tbody><tr><td><a href=\"https:\/\/www.planetdiving.com\/site\/ecole.padi.open.php\">Open Water Diver<\/a><\/td><td><a href=\"https:\/\/www.planetdiving.com\/site\/ecole.cmas.p1.php\">P1<\/a><\/td><\/tr><tr><td><a href=\"https:\/\/www.planetdiving.com\/site\/ecole.padi.advanced.php\">Advanced Open Water Diver<\/a><\/td><td>Pas d&rsquo;\u00e9quivalence<\/td><\/tr><tr><td><a href=\"https:\/\/www.planetdiving.com\/site\/ecole.padi.rescue.php\">Rescue Diver<\/a><\/td><td><a href=\"https:\/\/www.planetdiving.com\/site\/ecole.cmas.p2.php\">P2<\/a><\/td><\/tr><tr><td><a href=\"https:\/\/www.planetdiving.com\/site\/ecole.padi.divemaster.php\">Divemaster<\/a><\/td><td><a href=\"https:\/\/www.planetdiving.com\/site\/ecole.cmas.p3.php\">P3<\/a><\/td><\/tr><\/tbody><\/table><\/figure>\n\n\n\n<p><strong>PASSERELLES PADI VERS CMAS<\/strong><\/p>\n\n\n\n<figure class=\"wp-block-table\"><table><thead><tr><th><strong>NIVEAU&nbsp;<\/strong><a href=\"https:\/\/www.planetdiving.com\/site\/ecole.padi.php\">PADI<\/a><\/th><th>NIVEAU&nbsp;<a href=\"https:\/\/www.planetdiving.com\/site\/ecole.cmas.php\">CMAS<\/a><\/th><\/tr><\/thead><tbody><tr><td><a href=\"https:\/\/www.planetdiving.com\/site\/ecole.padi.open.php\">Open Water Diver<\/a>&nbsp;(avec 5 plong\u00e9es depuis le brevet)<\/td><td rowspan=\"2\">P2<\/td><\/tr><tr><td><a href=\"https:\/\/www.planetdiving.com\/site\/ecole.padi.advanced.php\">Advanced Open Water Diver<\/a><\/td><\/tr><tr><td><a href=\"https:\/\/www.planetdiving.com\/site\/ecole.padi.rescue.php\">Rescue Diver<\/a>&nbsp;(avec 25 plong\u00e9es depuis le brevet)<\/td><td>Peut s&rsquo;inscrire au&nbsp;<a href=\"https:\/\/www.planetdiving.com\/site\/ecole.cmas.p3.php\">P3<\/a><\/td><\/tr><\/tbody><\/table><\/figure>\n\n\n\n<p><strong>PASSERELLES CMAS VERS PADI<\/strong><\/p>\n\n\n\n<figure class=\"wp-block-table\"><table><thead><tr><th>NIVEAU&nbsp;<a href=\"https:\/\/www.planetdiving.com\/site\/ecole.cmas.php\">CMAS<\/a><\/th><th>NIVEAU&nbsp;<a href=\"https:\/\/www.planetdiving.com\/site\/ecole.padi.php\">PADI<\/a><\/th><\/tr><\/thead><tbody><tr><td><a href=\"https:\/\/www.planetdiving.com\/site\/ecole.cmas.p1.php\">P1<\/a><\/td><td>Peut s&rsquo;inscrire au&nbsp;<a href=\"https:\/\/www.planetdiving.com\/site\/ecole.padi.advanced.php\">Advanced Open Water Diver<\/a><\/td><\/tr><tr><td><a href=\"https:\/\/www.planetdiving.com\/site\/ecole.cmas.p1.php\">P1<\/a>&nbsp;(avec 9 plong\u00e9es depuis le brevet dont 1 plong\u00e9e de nuit, 1plong\u00e9e d\u0092orientation, 1 plong\u00e9e profonde &gt;18m\u00e8tres)<\/td><td>Peut s&rsquo;inscrire au&nbsp;<a href=\"https:\/\/www.planetdiving.com\/site\/ecole.padi.rescue.php\">Rescue Diver<\/a><\/td><\/tr><tr><td><a href=\"https:\/\/www.planetdiving.com\/site\/ecole.cmas.p2.php\">P2<\/a><\/td><td>Peut s&rsquo;inscrire au&nbsp;<a href=\"https:\/\/www.planetdiving.com\/site\/ecole.padi.divemaster.php\">Divemaster<\/a><\/td><\/tr><\/tbody><\/table><\/figure>\n","protected":false},"excerpt":{"rendered":"<p>PASSERELLES ENTRE F\u00c9D\u00c9RATIONS Ici sont r\u00e9pertori\u00e9es d&rsquo;une part les \u00e9quivalences entre les niveaux PADI et CMAS et d&rsquo;autre part les diff\u00e9rentes passerelles qu&rsquo;un plongeur peut prendre au cours de sa formation s&rsquo;il souhaite changer de f\u00e9d\u00e9ration ou simplement \u00e9largir son horizon. Pour plus de renseignements ou pour des d\u00e9tails techniques, nos instructeurs sont \u00e0 disposition! [&hellip;]<\/p>\n","protected":false},"author":1,"featured_media":0,"parent":1025,"menu_order":4,"comment_status":"closed","ping_status":"closed","template":"","meta":{"footnotes":""},"class_list":["post-1027","page","type-page","status-publish","hentry"],"_links":{"self":[{"href":"https:\/\/www.planetdiving.com\/site2\/wp-json\/wp\/v2\/pages\/1027","targetHints":{"allow":["GET"]}}],"collection":[{"href":"https:\/\/www.planetdiving.com\/site2\/wp-json\/wp\/v2\/pages"}],"about":[{"href":"https:\/\/www.planetdiving.com\/site2\/wp-json\/wp\/v2\/types\/page"}],"author":[{"embeddable":true,"href":"https:\/\/www.planetdiving.com\/site2\/wp-json\/wp\/v2\/users\/1"}],"replies":[{"embeddable":true,"href":"https:\/\/www.planetdiving.com\/site2\/wp-json\/wp\/v2\/comments?post=1027"}],"version-history":[{"count":2,"href":"https:\/\/www.planetdiving.com\/site2\/wp-json\/wp\/v2\/pages\/1027\/revisions"}],"predecessor-version":[{"id":1036,"href":"https:\/\/www.planetdiving.com\/site2\/wp-json\/wp\/v2\/pages\/1027\/revisions\/1036"}],"up":[{"embeddable":true,"href":"https:\/\/www.planetdiving.com\/site2\/wp-json\/wp\/v2\/pages\/1025"}],"wp:attachment":[{"href":"https:\/\/www.planetdiving.com\/site2\/wp-json\/wp\/v2\/media?parent=1027"}],"curies":[{"name":"wp","href":"https:\/\/api.w.org\/{rel}","templated":true}]}}