{"id":1011,"date":"2023-10-11T15:31:47","date_gmt":"2023-10-11T13:31:47","guid":{"rendered":"https:\/\/www.planetdiving.com\/site2\/?page_id=1011"},"modified":"2023-10-11T16:59:47","modified_gmt":"2023-10-11T14:59:47","slug":"cours-padi","status":"publish","type":"page","link":"https:\/\/www.planetdiving.com\/site2\/ecole\/cours-padi\/","title":{"rendered":"Cours PADI"},"content":{"rendered":"\n<h5 class=\"wp-block-heading\">NOS COURS PADI<\/h5>\n\n\n\n<div class=\"wp-block-group is-horizontal is-content-justification-space-between is-layout-flex wp-container-core-group-is-layout-1704e0c8 wp-block-group-is-layout-flex\">\n<ul class=\"wp-block-list\">\n<li><a href=\"https:\/\/www.planetdiving.com\/site2\/ecole\/cours-padi\/bapteme-de-plongee\/\" data-type=\"page\" data-id=\"1052\">Bapt\u00eame de plong\u00e9e<\/a><br><\/li>\n\n\n\n<li><a href=\"https:\/\/www.planetdiving.com\/site2\/ecole\/cours-padi\/padi-open-water\/\" data-type=\"page\" data-id=\"1039\">Open Water<\/a><\/li>\n\n\n\n<li><a href=\"https:\/\/www.planetdiving.com\/site2\/ecole\/cours-padi\/padi-advanced-open-water\/\" data-type=\"page\" data-id=\"1041\">Advanced Open Water<\/a><\/li>\n\n\n\n<li><a href=\"https:\/\/www.planetdiving.com\/site2\/ecole\/cours-padi\/padi-rescue-diver\/\" data-type=\"page\" data-id=\"1043\">Rescue Diver<\/a><\/li>\n\n\n\n<li><a href=\"https:\/\/www.planetdiving.com\/site2\/ecole\/cours-padi\/padi-divemaster\/\" data-type=\"page\" data-id=\"1045\">Dive Master<\/a><\/li>\n\n\n\n<li><a href=\"https:\/\/www.planetdiving.com\/site2\/ecole\/cours-padi\/padi-emergency-first-response\/\" data-type=\"page\" data-id=\"1047\">Emergency First Response<\/a><\/li>\n\n\n\n<li><a href=\"https:\/\/www.planetdiving.com\/site2\/ecole\/cours-padi\/padi-nitrox-diver\/\" data-type=\"page\" data-id=\"1050\">Nitrox<\/a><\/li>\n\n\n\n<li><a href=\"https:\/\/www.planetdiving.com\/site2\/ecole\/cours-padi\/padi-specialites\/\" data-type=\"page\" data-id=\"1054\">Sp\u00e9cialit\u00e9s<\/a><\/li>\n<\/ul>\n\n\n\n<figure class=\"wp-block-image size-full is-resized\"><img loading=\"lazy\" decoding=\"async\" src=\"https:\/\/www.planetdiving.com\/site2\/wp-content\/uploads\/2023\/10\/padi_150.png\" alt=\"PADI\" class=\"wp-image-1012\" style=\"object-fit:contain;width:209px;height:209px\" width=\"209\" height=\"209\"\/><\/figure>\n\n\n\n<p><a rel=\"noreferrer noopener\" href=\"http:\/\/www.padi.com\/scuba\/?LangType=1036\" target=\"_blank\">Professional Association of Diving Instuctors (PADI)<\/a>&nbsp;est le leader mondial de la formation de plongeurs loisirs. Reconnu pour son syst\u00e8me didactique et flexible d&rsquo;enseignement, les plongeurs PADI deviennent vite des plongeurs ind\u00e9pendants et sont entra\u00een\u00e9s dans des normes de s\u00e9curit\u00e9 strictes. <br><br>Les brevets pass\u00e9s en lac sont valables en mer et inversement. Les brevets sont valables \u00e0 vie.<\/p>\n<\/div>\n","protected":false},"excerpt":{"rendered":"<p>NOS COURS PADI Professional Association of Diving Instuctors (PADI)&nbsp;est le leader mondial de la formation de plongeurs loisirs. Reconnu pour son syst\u00e8me didactique et flexible d&rsquo;enseignement, les plongeurs PADI deviennent vite des plongeurs ind\u00e9pendants et sont entra\u00een\u00e9s dans des normes de s\u00e9curit\u00e9 strictes. Les brevets pass\u00e9s en lac sont valables en mer et inversement. Les [&hellip;]<\/p>\n","protected":false},"author":1,"featured_media":0,"parent":1025,"menu_order":1,"comment_status":"closed","ping_status":"closed","template":"","meta":{"footnotes":""},"class_list":["post-1011","page","type-page","status-publish","hentry"],"_links":{"self":[{"href":"https:\/\/www.planetdiving.com\/site2\/wp-json\/wp\/v2\/pages\/1011","targetHints":{"allow":["GET"]}}],"collection":[{"href":"https:\/\/www.planetdiving.com\/site2\/wp-json\/wp\/v2\/pages"}],"about":[{"href":"https:\/\/www.planetdiving.com\/site2\/wp-json\/wp\/v2\/types\/page"}],"author":[{"embeddable":true,"href":"https:\/\/www.planetdiving.com\/site2\/wp-json\/wp\/v2\/users\/1"}],"replies":[{"embeddable":true,"href":"https:\/\/www.planetdiving.com\/site2\/wp-json\/wp\/v2\/comments?post=1011"}],"version-history":[{"count":7,"href":"https:\/\/www.planetdiving.com\/site2\/wp-json\/wp\/v2\/pages\/1011\/revisions"}],"predecessor-version":[{"id":1096,"href":"https:\/\/www.planetdiving.com\/site2\/wp-json\/wp\/v2\/pages\/1011\/revisions\/1096"}],"up":[{"embeddable":true,"href":"https:\/\/www.planetdiving.com\/site2\/wp-json\/wp\/v2\/pages\/1025"}],"wp:attachment":[{"href":"https:\/\/www.planetdiving.com\/site2\/wp-json\/wp\/v2\/media?parent=1011"}],"curies":[{"name":"wp","href":"https:\/\/api.w.org\/{rel}","templated":true}]}}